ghest common divisor of 70544168 and 8062.
278
What is the highest common divisor of 46427 and 60197?
17
What is the highest common divisor of 195 and 125220?
15
What is the highest common divisor of 16257680 and 240?
80
Calculate the greatest common divisor of 30358712 and 22379.
3197
Calculate the greatest common divisor of 11970007 and 49.
7
What is the highest common divisor of 1865396 and 6032?
1508
What is the greatest common divisor of 8288 and 30606289?
259
What is the greatest common divisor of 42657249 and 69690?
6969
What is the greatest common factor of 1591 and 6055217?
43
What is the highest common divisor of 69366556 and 392?
196
Calculate the greatest common divisor of 8 and 17040076.
4
Calculate the greatest common factor of 590 and 30989160.
590
Calculate the highest common divisor of 439205675 and 1550.
775
What is the greatest common divisor of 3368196 and 5954?
26
Calculate the highest common factor of 36538 and 49.
1
Calculate the highest common factor of 12000 and 1287840.
480
Calculate the highest common divisor of 7564422 and 3.
3
What is the highest common divisor of 29976826 and 508?
254
What is the highest common divisor of 13 and 144483924?
13
Calculate the highest common factor of 23541 and 3779062.
133
Calculate the greatest common divisor of 233067012 and 93569.
13367
What is the highest common factor of 591 and 155104798?
197
Calculate the highest common divisor of 156 and 7886385.
39
Calculate the highest common divisor of 14878 and 52589.
43
Calculate the highest common factor of 306501 and 36192.
1131
What is the highest common divisor of 164170235 and 5?
5
What is the greatest common factor of 459 and 622030?
17
Calculate the highest common divisor of 16964328 and 216.
24
What is the greatest common factor of 137274128 and 24?
8
What is the highest common factor of 46615 and 7150?
5
Calculate the greatest common divisor of 1686760 and 480.
40
Calculate the greatest common divisor of 22921371 and 198.
99
What is the greatest common divisor of 1226214 and 12966?
6
What is the greatest common factor of 7824 and 1452656?
2608
What is the highest common divisor of 16166195 and 290?
145
What is the greatest common divisor of 10983934 and 130?
26
Calculate the highest common divisor of 266366856 and 9048.
696
Calculate the highest common factor of 1901251 and 13497.
11
What is the greatest common factor of 14756 and 16697468?
2108
Calculate the greatest common divisor of 789300 and 9140.
20
Calculate the greatest common factor of 753434 and 3892246.
2978
What is the greatest common divisor of 49367860 and 1880?
940
What is the highest common divisor of 97980 and 62?
2
What is the highest common divisor of 296 and 43609421?
37
What is the greatest common factor of 97315629 and 30?
3
Calculate the greatest common factor of 100782 and 38082.
66
Calculate the highest common factor of 616 and 89905046.
154
Calculate the highest common factor of 117013 and 53735970.
9001
Calculate the highest common factor of 1022 and 614530.
14
What is the greatest common factor of 1353224 and 15104?
472
What is the highest common divisor of 4228 and 445508?
28
Calculate the greatest common factor of 18539032 and 6416.
3208
Calculate the highest common factor of 376951021 and 1067.
97
Calculate the greatest common factor of 7992 and 413330256.
7992
Calculate the highest common divisor of 27 and 22763934.
9
What is the highest common divisor of 104763340 and 284?
284
Calculate the greatest common factor of 7108 and 178803517.
1777
Calculate the greatest common factor of 16225 and 3633751.
649
Calculate the highest common divisor of 1332 and 750852.
36
Calculate the greatest common factor of 2977902 and 74796.
138
What is the greatest common factor of 370 and 69227?
37
Calculate the highest common factor of 165808 and 62416.
16
Calculate the greatest common divisor of 63648 and 1250921880.
15912
Calculate the highest common divisor of 28 and 19433316.
28
What is the greatest common divisor of 7238470 and 117970?
470
What is the highest common factor of 40752985 and 5460?
455
What is the greatest common divisor of 211112195 and 5180?
1295
Calculate the greatest common divisor of 7 and 5490366.
7
What is the greatest common factor of 480 and 25648644?
12
Calculate the greatest common divisor of 367 and 334465450.
367
Calculate the greatest common divisor of 10902 and 1505187.
237
What is the greatest common divisor of 2990 and 14267360?
230
Calculate the greatest common divisor of 68888 and 184.
8
Calculate the highest common divisor of 2 and 147934716.
2
Calculate the highest common divisor of 1259121 and 45.
3
What is the greatest common divisor of 97591 and 19526?
13
Calculate the highest common factor of 513 and 5652099.
27
What is the highest common divisor of 233794 and 13838?
22
Calculate the highest common factor of 19481 and 33719.
7
What is the greatest common factor of 34958795 and 5185?
305
Calculate the highest common factor of 38 and 343840796.
38
What is the greatest common factor of 39158 and 13328?
14
What is the highest common divisor of 39297964 and 8021?
617
Calculate the greatest common factor of 1297520 and 312130.
490
What is the highest common factor of 358 and 97370272?
358
What is the greatest common factor of 1898 and 28692358?
146
What is the highest common divisor of 13029352 and 42?
14
Calculate the greatest common divisor of 231 and 434847.
21
Calculate the greatest common factor of 247872 and 378816.
192
Calculate the greatest common factor of 134016 and 3968.
128
What is the highest common divisor of 248600 and 6060?
20
Calculate the highest common divisor of 109027 and 9145.
31
What is the highest common divisor of 16721 and 138?
23
Calculate the greatest common divisor of 94 and 446782.
94
What is the highest common factor of 992409 and 973621?
671
Calculate the highest common factor of 14 and 39712120.
14
What is the greatest common factor of 10388 and 7946078?
742
Calculate the highest common factor of 62573 and 1035647.
1277
What is the highest common divisor of 565235351 and 38?
19
What is the greatest common factor of 15093 and 8315684?
559
Calculate the highest common divisor of 2135210 and 2332.
22
Calculate the greatest common divisor of 75 and 26220375.
75
What is the highest common factor of 7123176 and 96?
24
What is the highest common divisor of 771681 and 114?
3
What is the highest common factor of 12576297 and 1355?
271
Calculate the greatest common factor of 43 and 12762314.
43
Calculate the greatest common divisor of 210 and 4274660.
10
What is the greatest common divisor of 2814 and 15446850?
402
Calculate the highest common divisor of 24555078 and 26351.
2027
Calculate the highest common divisor of 634988 and 5380.
4
Calculate the highest common factor of 4 and 1852564.
4
What is the greatest common factor of 603500 and 380560?
1420
Calculate the greatest common factor of 22474 and 1461796.
34
What is the greatest common factor of 89160 and 274800?
120
Calculate the greatest common divisor of 122732 and 108.
4
What is the greatest common divisor of 264 and 20587620?
12
Calculate the greatest common divisor of 270 and 12294390.
30
Calculate the greatest common divisor of 5567628 and 660.
132
Calculate the greatest common factor of 11927655 and 54675.
1215
Calculate the greatest common factor of 1735428 and 3264.
204
What is the greatest common divisor of 97 and 2302843729?
97
What is the highest common divisor of 1163161 and 35264?
551
Calculate the highest common factor of 30 and 41342430.
30
Calculate the highest common factor of 18157417 and 1147.
37
Calculate the greatest common factor of 9072 and 6771762.
162
Calculate the greatest common divisor of 680566 and 658.
2
Calculate the highest common divisor of 8392625 and 250.
125
What is the greatest common factor of 1260 and 5173910?
70
What is the highest common factor of 2717 and 60794357?
247
Calculate the highest common factor of 8465526 and 722.
38
What is the greatest common factor of 1216 and 9242436?
76
What is the greatest common divisor of 5365427 and 511?
73
Calculate the greatest common factor of 9 and 1011114.
9
What is the greatest common factor of 11060 and 4728920?
140
Calculate the greatest common factor of 1904 a